9 - (-5 + 6)) + -11 + (38 + -13 - 9).
13
Calculate -98 - (-6 + (-11 - ((-39 - -11) + 10) - 13)).
-86
What is (-70 - 80) + 132 - -37?
19
Calculate (-1525 - -1488) + 31 + 0.
-6
Evaluate (0 - -8) + (-14 - -20 - 4) + 13 + -16.
7
Calculate 2 - (13 + (18 - -8)) - -24.
-13
38 + (-5 - (-23 - -2) - 3) + -9
42
Calculate (1 - 7) + -6 + 184 + -114.
58
(-47 - -3) + -15 + (-16 - -33)
-42
Evaluate -38 + 6 - (-40 + -11).
19
45 + (-32 - (14 - 18))
17
Evaluate 21 + (-15 - (100 - 52)).
-42
What is -19 + -28 + (56 - 45)?
-36
What is the value of -19 + (10 + -8 - -10)?
-7
What is -27 - 1 - (-998 + 1012)?
-42
Evaluate 87 - 182 - (0 + -1).
-94
What is the value of (-6 - -5 - 2) + (-12 - 3) + 9 + -26?
-35
Evaluate (0 + -71 - 0) + (-210 - (-240 - -34)).
-75
What is (41 - 26) + -18 - 22 - -79?
54
Evaluate (3 - ((6 + 14 - 16) + (37 - 0))) + 0.
-38
What is -26 + (68 - (-86 - -79))?
49
What is 2 + -21 + (51 - (-9 + 0 - 2))?
43
Calculate -5 + 0 - (-6 + (-14 + 6 + 8 - 12)).
13
11 + (13 + -20 - (-6 - -4)) - 14 - -100
92
What is the value of (-530 - -554) + (0 - -7) - -15?
46
1 + -1 + -1 - -10 - (27 + -14 + 9)
-13
What is the value of -44 + 57 - (1 - 3 - 32)?
47
What is the value of -99 + (7 + 56 - (-3 - -49))?
-82
10 - (-1 + (17 - (-2 + 5)) + -7 + -3)
7
Calculate -11 - -9 - 10 - (6 + -24 - -1).
5
-170 + 149 + (-1 - -46) - 27
-3
Calculate (-15 + 5 + 28 - 9) + (0 - -10).
19
Evaluate 18 - 23 - -15 - (-14 + (3 - 7)).
28
What is -99 + -13 + -122 + 135?
-99
-34 - -3 - -41 - -3
13
What is the value of 74 - ((12 + -21 - -41) + 6)?
36
What is the value of -43 + -6 + 13 + 12 + 9?
-15
What is 29 - (-8 + 29 + 1)?
7
Calculate -53 + (35 + 56 - -2).
40
What is 41 + (25 + -76 - -51)?
41
-30 + 0 + 6 + -14
-38
Evaluate 70 + 8 - (2 + 15 + 4).
57
Evaluate (100 - 6) + -91 - 62.
-59
What is the value of 107 - ((96 - -58) + 21)?
-68
Evaluate 27 + (8 - (9 + (18 - 42) - -17)).
33
What is the value of 2 + -5 + (-8 - -18) + -1 + -6 + 22?
22
Evaluate -62 - (5 + (-8 + 7 + -18 - -1 - -4)).
-53
Calculate 25 + 5 - (64 - 0) - 29.
-63
-1 - -18 - (-119 + 169)
-33
What is -1 + -21 + 0 + -570 + 608 + -8 + -1?
7
-42 + (-19 - -44) + 5
-12
Calculate 20 + -53 - -102 - 129.
-60
What is -1 + -1 + -10 + (-2696 - -2690) - 15?
-33
What is the value of -72 + 7 - ((12 - (2 - -14)) + 3)?
-64
Evaluate (-7 - -32) + (21 - 13) + -47.
-14
Evaluate 10 + 5 - 41 - -21.
-5
What is -136 + (32 - -50) + 62 + (-1 + -40 - -1)?
-32
22 + -70 + 4 + -18 + (0 - 3 - 3)
-68
What is the value of 2005 + -1989 - (-1 + 61)?
-44
Calculate (21 - (12 + 23)) + (-29 - -11).
-32
What is (-2 + -19 - (6 + -19)) + 2?
-6
What is 0 - -65 - 1 - (33 + -11 - 11)?
53
What is the value of 5 + 4 + (8 - -6) + -15 + -23?
-15
What is the value of -24 - (-14 + 12) - (-8 + 66)?
-80
Evaluate (2 - 0 - -1 - 29) + -69 + (-19 - -95).
-19
Evaluate -1 - -86 - (-2063 + 2145).
3
What is the value of 44 + (29 - 94) + 41?
20
Evaluate (-30303 - -30456) + (1 - 13).
141
What is the value of 1 + -6 + -3 + -33 + (16 - 7) + -41?
-73
What is (3 - (3 + (-5 - 2) - -18)) + (-325 - -343)?
7
What is the value of 400 + -456 + 1 + 160 - (-23 - 0)?
128
What is the value of (3 - 1) + (-14 + -8 - -32 - 3)?
9
What is 1697 + -1693 + (0 - (5 + -4)) + 2?
5
53 + -24 - (-38 + 106)
-39
What is the value of 3 + -1 - -4 - (145 + -100 + -33)?
-6
-101 + (-92 - -119 - -59)
-15
What is -12 + 13 + (-10 - (61 + (-21 - -11))) + -2?
-62
Evaluate 4 - (-8 + -4) - (-4 + 31 - 39).
28
Calculate 39 - 32 - (-4 + 32 + 8).
-29
35 - (-21 - (-92 + -17))
-53
What is -14 - (3 + 33 + -16 + 47 + -17)?
-64
54 + 2 + 4 + (18 - (41 - 22)) + -2
57
Calculate -42 + (5 - (18 - 23 - 5)).
-27
Evaluate 50 - ((-19 - (-2 - (-7 + 14))) + 7).
53
What is -2 - 47 - (34 + -32 + 16 - 25)?
-42
Calculate -4 + -7 + (16 - 5) + -13 - -14 - 118.
-117
What is the value of -9 + (14 - 0 - (0 - -20) - (-1 + -6))?
-8
Evaluate (0 - 1) + (-6 - (15 + -16)) + (2 - 28).
-32
What is the value of -8 + (-21 + (17 - -34) - 10)?
12
Evaluate (-41 + 46 - 37) + 49.
17
What is the value of 24 + (128 - 67) + -123?
-38
Calculate (-91 - -88 - -33) + -92.
-62
2 - (2 + 16 - 0) - ((-125 - 7) + 3)
113
Calculate 7 + 71 - (23 + -12 + 19 + -14).
62
What is the value of 21 + -3 - 5 - -19?
32
What is (3 - (-4 + 2)) + (-3 + -70 - (40 + -51))?
-57
Evaluate -1750 + 1795 + -56 + 0.
-11
(-54 + 1 - (6 - 2)) + 268 + -276
-65
Calculate (0 + -8 - (6 + 0 + 132 + -77)) + 7.
-62
Evaluate -3 + 20 - (120 - (10 - (-3 - -12))).
-102
What is the value of (-3 - 41) + 2 + -3 - (-386 + 373)?
-32
Evaluate -5 - (-6 - -34 - (23 - 20)).
-30
Evaluate -5 + (-5 - -3) - (6 + 7 - (46 - -20)).
46
What is -26 - (-27 - -5 - (127 + -109))?
14
Evaluate -4 - -6 - (13 + -4 + 10 + -10) - 74.
-81
What is (14 - 7) + -25 + 41 + 8 - 6?
25
Calculate -2 + 21 + (2 + -11 - (133 + -91)).
-32
What is (55 + -34 - (6 + -1)) + -5 - (108 - 60)?
-37
Calculate -25 + -20 + 58 - 10 - 85.
-82
What is 4 + 13 + -12 + 8 + 1 + -5 + -5?
4
Calculate 2 + -15 - (-149 + 155).
-19
Calculate -67 + 8 + 5 - 2.
-56
What is 323 + -371 - (-40 + -3)?
-5
Evaluate ((-19 - 2) + 2 - -8) + 3 + -6.
-14
Evaluate 9 - ((-16 - -6) + (35 - 11) + -145).
140
Evaluate 18 - (-23 - ((-35 - 9 - -13) + 14)).
24
Evaluate (0 - -18) + -1 + (124 - 156 - (-22 - 2)).
9
What is -7 + 32 + (-1 - -1 - 0) - (-403 + 406)?
22
What is the value of -8 + -4 + -29 - (-3 - 4) - -13?
-21
Calculate -1 + -8 + (-32 - (-15 - 3)).
-23
Calculate -81 + 279 + -182 + (-62 - ((1 - 1) + 2)).
-48
Evaluate -146 + 55 + 29 + -47 + 7.
-102
17 - (30 + -11) - -6 - 11
-7
(8 - -4) + 0 + -3 + 2 + -53 + -4
-46
Evaluate -19 + (0 - -6) + 10 + -30.
-33
Evaluate 11 + (-35 - -27 - (2 - (0 - -5)) - -95).
101
20 - (2 + -6 - -2) - (-1 + (-19 - -19))
23
What is 15 + 16 + (8 - 1) + 25?
63
What is the value of 101 - 1 - (-123 - -105) - (6 + 7 + -18)?
123
Calculate (-171 + 41 - -10) + 64.
-56
What is -5 + -47 + (43 - (15 - 5))?
-19
Evaluate (-48 - -74) + 19 - (-17 + 8).
54
What is the value of 9 + (-10 - -40) + (11 - -62)?
112
What is (23 - (0 + (0 - -18))) + (-7 - 1)?
-3
Evaluate -12 + (2 + 0 + (-129 - -129) - 10).
-20
What is 4 + -1 + -1859 + 1916?
60
Calculate 32 + (-8 + 44 - 24).
44
What is the value of (-88 - -2 - (29 - 68)) + 19?
-28
17 + 9 + -47 + 22
1
What is the value of -71 - ((-32 - -1) + -59)?
19
Evaluate 6 + 51 - (-30 + 1 + (-36 - -56)).
66
Calculate 78 - 74 - (40 + 1 + -2 + 4 + 1).
-40
(1 - (0 - 64)) + (160 - (-48 - -219))
54
What is the value of 35 + -8 + (39 - 29)?
37
Evaluate 35 - (-39 - 53) - 106.
21
Calculate -53 - (26 + -24 + 2 + -21).
-36
Calculate -117 + 32 - (2 + 10 + 4 + -16 + 3).
-88
What is -12 - -1 - 24 - -56 - -4?
25
What is (8 - (-1 - -12 - 6) - -1) + -1 + -5?
-2
-172 - (-235 - (-205 - -69))
-73
Calculate -66 + 40 - (7 - 63) - -17.
47
What is the value of (358 - 318) + -56 + 0 + -8 + 1?
-23
10 + 29 + -37 + -21
-19
(-63 - (-43 + 17)) + 14 + 3
-20
Evaluate 8 - (-87 + 2) - (36 - (-45 + 70)).
82
Evaluate 2 - -5 - (67 - 11) - (4 - -8).
-61
What is -72 - (28 - 87) - 61?
-74
Calculate -117 + -145 + 282 - -128.
148
Evaluate -4 + ((-16 - 7) + 7 - (-2 - 5)).
-13
Calculate 5 + (-57 + 32 - (-1 + -20)).
1
-1 - -32 - (13 + -1 + (-40 - -7) + 12)
40
What is the value of 73 - (55 - (-31 - 9))?
-22
Calculate 9 + (-61 - -16) - (-7 + (-4 - (2 - 19))).
-42
What is the value of 4 + (24 - -11) + -15?
24
What is 34 + -43 + (14 - 29 - -13) + -61?
-72
Evaluate (2 + -14 - (5 + -4)) + (-1694 - -1699).
-8
Calculate (61 - 131) + 29 - (-73 - 1).
33
What is the value of -33 + 79 + -51 - (0 - -2 - (27 + -3))?
17
What is the value of (-4 + -7 - -6) + (21 - (21 - -6))?
-11
What is the value of 57 + 120 + -271 - -10?
-84
What is the value of 0 + -4 + (8 - (-9 + -2 + 21 - -5))?
-11
Evaluate 244 + -214 + -13 + 0 + 2.
19
114 + -289 + 105 - -39
-31
Evaluate -3 + 2 - (-47 - (-69 + -65)).
-88
Calculate (46 + 22 - 35 - 26) + (-20 - -5).
-8
What is (3 - (-4 + 20 + -1)) + 36 + 0?
24
Calculate (0 - -5) + -68 - (-289 + 293).
-67
What is -232 + 212 + (-14 - (30 + -15))?
-49
Calculate 34 - (-77 + 34 + 37).
40
What is the value of 0 + (-3 - 0) + -63 + (-144 - (-177 + 33))?
-66
What is (-105 - (411 - 531)) + (0 - (-1 - 88))?
104
What is the value of (6 - 10 - 13) + -10 + 10 + 99?
82
What is (3 - (0 - 37)) + (1137 - 1114) - (2 + 0)?
61
44 - (-15 + 23 - (2 + 5)) - 8
35
Evaluate -11 - (-2 - -17 - 2 - -1 - (889 - 859)).
5
What is the value of -